on factor of 110 and 15290?
110
What is the greatest common factor of 63398 and 18?
2
What is the greatest common factor of 429 and 10131?
33
What is the greatest common divisor of 22 and 801053?
11
What is the highest common factor of 39 and 119912?
13
Calculate the greatest common divisor of 123391 and 326.
163
Calculate the greatest common factor of 1302 and 3864.
42
Calculate the highest common divisor of 571687 and 111.
37
Calculate the greatest common divisor of 736331 and 122.
61
Calculate the highest common factor of 70034 and 22.
2
What is the greatest common factor of 6432 and 18144?
96
Calculate the highest common divisor of 13 and 670.
1
Calculate the greatest common divisor of 633606 and 30.
6
What is the highest common divisor of 14592 and 11136?
384
What is the greatest common factor of 6827 and 32?
1
Calculate the greatest common factor of 26243 and 2576.
161
What is the greatest common factor of 30758 and 17940?
26
Calculate the greatest common divisor of 21 and 269017.
7
What is the highest common factor of 9471 and 14784?
231
Calculate the greatest common divisor of 14945 and 6615.
245
What is the highest common factor of 1392062 and 1190?
238
Calculate the highest common divisor of 785 and 531759.
157
What is the greatest common divisor of 16206 and 1022?
146
What is the highest common factor of 15584 and 1280?
32
Calculate the greatest common divisor of 9114 and 10974.
186
What is the greatest common factor of 113 and 7745924?
113
What is the greatest common factor of 637 and 3479?
49
Calculate the greatest common divisor of 21402 and 123.
123
What is the greatest common factor of 627557 and 259?
259
Calculate the highest common factor of 175 and 6685.
35
What is the greatest common factor of 64537 and 22?
11
Calculate the greatest common factor of 231 and 625317.
231
Calculate the greatest common divisor of 82519 and 6802.
179
What is the greatest common factor of 2895435 and 47?
47
What is the greatest common divisor of 12935 and 52?
13
Calculate the greatest common factor of 70 and 409570.
70
What is the highest common factor of 5509 and 84?
7
What is the highest common divisor of 3317 and 279?
31
What is the highest common divisor of 4823 and 98?
7
What is the highest common factor of 18 and 64362?
6
Calculate the highest common divisor of 18976 and 60486.
1186
What is the highest common factor of 226821 and 1617?
147
Calculate the greatest common factor of 3233574 and 257.
257
What is the highest common factor of 1610 and 222410?
230
What is the highest common factor of 68 and 137156?
68
What is the highest common factor of 2040 and 11112?
24
Calculate the highest common divisor of 2 and 6.
2
Calculate the greatest common divisor of 55460 and 708.
236
What is the greatest common divisor of 1296 and 7680?
48
Calculate the greatest common factor of 730 and 97455.
365
Calculate the highest common divisor of 40 and 21416.
8
Calculate the greatest common factor of 13804 and 6664.
476
What is the greatest common divisor of 8425 and 29993?
337
What is the highest common factor of 1920 and 45?
15
What is the greatest common divisor of 285 and 48640?
95
Calculate the greatest common divisor of 896 and 88368.
112
Calculate the highest common factor of 703656 and 120.
24
What is the highest common divisor of 1070 and 745?
5
Calculate the highest common factor of 579430 and 10.
10
What is the highest common divisor of 105 and 2415?
105
What is the greatest common factor of 1946190 and 3480?
870
What is the greatest common factor of 6164 and 28877?
67
Calculate the greatest common factor of 72 and 90648.
72
What is the highest common factor of 1085 and 18235?
35
Calculate the greatest common divisor of 1862 and 779590.
98
Calculate the greatest common factor of 307401 and 1311.
57
What is the greatest common factor of 183 and 124745?
61
Calculate the greatest common factor of 14 and 1362137.
7
Calculate the highest common divisor of 12246 and 2652.
78
What is the highest common divisor of 36 and 725082?
6
What is the greatest common divisor of 627 and 37411?
209
What is the highest common factor of 17879 and 95?
19
What is the highest common divisor of 12 and 131364?
12
What is the highest common divisor of 5 and 1810?
5
Calculate the greatest common factor of 1149624 and 504.
504
What is the greatest common factor of 7 and 475601?
7
What is the highest common factor of 1064 and 323?
19
Calculate the greatest common divisor of 3321 and 250209.
81
Calculate the greatest common divisor of 60 and 293100.
60
What is the highest common divisor of 27783 and 38556?
567
What is the greatest common divisor of 9475 and 325?
25
Calculate the highest common divisor of 1790 and 2150.
10
Calculate the highest common divisor of 963 and 1177.
107
What is the highest common divisor of 476 and 208352?
68
What is the greatest common divisor of 88216 and 40?
8
Calculate the greatest common divisor of 161172 and 1078.
22
What is the highest common divisor of 5440 and 440?
40
What is the highest common factor of 2464 and 11264?
352
What is the greatest common factor of 20083 and 151?
151
Calculate the highest common factor of 565 and 158652.
113
What is the greatest common factor of 186 and 20336?
62
What is the highest common factor of 189 and 49?
7
Calculate the greatest common factor of 42 and 9558.
6
Calculate the greatest common divisor of 4220 and 6119.
211
What is the highest common factor of 182 and 76972?
14
What is the greatest common factor of 168 and 67228?
28
What is the greatest common factor of 112 and 73444?
28
Calculate the greatest common factor of 2712588 and 24.
12
Calculate the greatest common factor of 307 and 1567542.
307
Calculate the highest common factor of 23690 and 1236.
206
Calculate the greatest common factor of 450 and 18300.
150
Calculate the greatest common factor of 6910 and 40.
10
Calculate the greatest common factor of 1138984 and 770.
154
Calculate the greatest common factor of 5668 and 1768.
52
What is the highest common divisor of 4 and 23654?
2
Calculate the highest common divisor of 85 and 125.
5
What is the highest common factor of 290 and 3590?
10
What is the greatest common divisor of 5356 and 481?
13
What is the highest common factor of 204 and 370532?
68
What is the greatest common divisor of 1280 and 274240?
320
Calculate the greatest common divisor of 24 and 539076.
12
What is the greatest common factor of 26554 and 110?
22
What is the greatest common divisor of 2532 and 520959?
633
Calculate the highest common factor of 20651 and 965.
193
Calculate the highest common divisor of 14 and 5257.
7
What is the highest common divisor of 217764 and 2196?
36
What is the greatest common divisor of 362 and 129053?
181
Calculate the greatest common divisor of 1668 and 3708.
12
What is the greatest common divisor of 3920 and 939232?
784
What is the highest common factor of 1743 and 363291?
249
Calculate the greatest common factor of 395 and 104201.
79
What is the highest common divisor of 1672 and 19304?
152
What is the highest common divisor of 137292 and 192?
12
What is the greatest common factor of 54 and 39879?
27
Calculate the highest common factor of 1050 and 996250.
50
What is the greatest common divisor of 595 and 26095?
85
Calculate the greatest common factor of 1533 and 81687.
219
Calculate the greatest common divisor of 159255 and 855.
45
Calculate the greatest common divisor of 4352 and 103904.
544
Calculate the highest common factor of 686550 and 75.
75
What is the highest common factor of 869727 and 201?
201
What is the highest common divisor of 64 and 2864192?
64
Calculate the highest common divisor of 858 and 66594.
66
Calculate the highest common factor of 3021388 and 3032.
1516
Calculate the greatest common factor of 217 and 55769.
217
Calculate the greatest common divisor of 2550 and 4430.
10
Calculate the highest common factor of 214 and 15301.
107
Calculate the greatest common divisor of 423 and 464.
1
Calculate the greatest common factor of 3 and 32606.
1
Calculate the highest common factor of 11778 and 48471.
453
Calculate the highest common factor of 19149 and 117.
39
What is the highest common factor of 543802 and 186?
62
Calculate the greatest common divisor of 225 and 11454525.
225
Wha